{"id":622,"date":"2018-11-12T00:15:14","date_gmt":"2018-11-12T00:15:14","guid":{"rendered":"https:\/\/www.energeticthemes.com\/themes\/sada\/?page_id=622"},"modified":"2023-03-27T06:19:37","modified_gmt":"2023-03-27T06:19:37","slug":"kontakt","status":"publish","type":"page","link":"https:\/\/artrat.pl\/index.php\/kontakt\/","title":{"rendered":"Kontakt"},"content":{"rendered":"\n<figure class=\"wp-block-image alignwide size-large is-style-default\" style=\"padding-top:0;margin-bottom:80px\"><img fetchpriority=\"high\" decoding=\"async\" width=\"1024\" height=\"388\" src=\"https:\/\/www.artrat.pl\/wp-content\/uploads\/2023\/03\/kontakt-1024x388.jpg\" alt=\"\" class=\"wp-image-2042\" srcset=\"https:\/\/artrat.pl\/wp-content\/uploads\/2023\/03\/kontakt-1024x388.jpg 1024w, https:\/\/artrat.pl\/wp-content\/uploads\/2023\/03\/kontakt-300x114.jpg 300w, https:\/\/artrat.pl\/wp-content\/uploads\/2023\/03\/kontakt-768x291.jpg 768w, https:\/\/artrat.pl\/wp-content\/uploads\/2023\/03\/kontakt-1536x581.jpg 1536w, https:\/\/artrat.pl\/wp-content\/uploads\/2023\/03\/kontakt-600x227.jpg 600w, https:\/\/artrat.pl\/wp-content\/uploads\/2023\/03\/kontakt.jpg 2048w\" sizes=\"(max-width: 1024px) 100vw, 1024px\" \/><\/figure>\n\n\n\n<div class=\"wp-block-columns alignwide has-2-columns is-layout-flex wp-container-core-columns-is-layout-9d6595d7 wp-block-columns-is-layout-flex\" style=\"margin-bottom:40px\">\n<div class=\"wp-block-column is-layout-flow wp-block-column-is-layout-flow\" style=\"margin-bottom:40px\">\n<h2 class=\"wp-block-heading\" style=\"margin-bottom:15px\">Skontaktuj si\u0119&nbsp;z nami!<\/h2>\n\n\n\n<p>U\u017cyj formularza aby si\u0119\u00a0z nami skontaktowa\u0107. Postaramy si\u0119\u00a0odpowiedzie\u0107\u00a0jak najszybciej.<\/p>\n\n\n\n<p><\/p>\n\n\n<p>[contact-form-7 id=&#8221;624&#8243; title=&#8221;Contact form 1&#8243;]<\/p>\n<\/div>\n<\/div>\n","protected":false},"excerpt":{"rendered":"<p>Skontaktuj si\u0119&nbsp;z nami! U\u017cyj formularza aby si\u0119\u00a0z nami skontaktowa\u0107. Postaramy si\u0119\u00a0odpowiedzie\u0107\u00a0jak najszybciej.<\/p>\n","protected":false},"author":1,"featured_media":0,"parent":0,"menu_order":0,"comment_status":"closed","ping_status":"closed","template":"","meta":{"_acf_changed":false,"pmpro_default_level":"","ngg_post_thumbnail":0,"footnotes":""},"class_list":["post-622","page","type-page","status-publish","hentry","pmpro-has-access"],"acf":[],"yoast_head":"<!-- This site is optimized with the Yoast SEO plugin v25.3.1 - https:\/\/yoast.com\/wordpress\/plugins\/seo\/ -->\n<title>Kontakt - ArtRat<\/title>\n<meta name=\"robots\" content=\"index, follow, max-snippet:-1, max-image-preview:large, max-video-preview:-1\" \/>\n<link rel=\"canonical\" href=\"https:\/\/artrat.pl\/index.php\/kontakt\/\" \/>\n<meta property=\"og:locale\" content=\"pl_PL\" \/>\n<meta property=\"og:type\" content=\"article\" \/>\n<meta property=\"og:title\" content=\"Kontakt - ArtRat\" \/>\n<meta property=\"og:description\" content=\"Skontaktuj si\u0119&nbsp;z nami! U\u017cyj formularza aby si\u0119\u00a0z nami skontaktowa\u0107. Postaramy si\u0119\u00a0odpowiedzie\u0107\u00a0jak najszybciej.\" \/>\n<meta property=\"og:url\" content=\"https:\/\/artrat.pl\/index.php\/kontakt\/\" \/>\n<meta property=\"og:site_name\" content=\"ArtRat\" \/>\n<meta property=\"article:publisher\" content=\"https:\/\/www.facebook.com\/profile.php?id=100091257588958\" \/>\n<meta property=\"article:modified_time\" content=\"2023-03-27T06:19:37+00:00\" \/>\n<meta property=\"og:image\" content=\"https:\/\/www.artrat.pl\/wp-content\/uploads\/2023\/03\/kontakt-1024x388.jpg\" \/>\n<meta name=\"twitter:card\" content=\"summary_large_image\" \/>\n<meta name=\"twitter:label1\" content=\"Szacowany czas czytania\" \/>\n\t<meta name=\"twitter:data1\" content=\"1 minuta\" \/>\n<script type=\"application\/ld+json\" class=\"yoast-schema-graph\">{\"@context\":\"https:\/\/schema.org\",\"@graph\":[{\"@type\":\"WebPage\",\"@id\":\"https:\/\/artrat.pl\/index.php\/kontakt\/\",\"url\":\"https:\/\/artrat.pl\/index.php\/kontakt\/\",\"name\":\"Kontakt - ArtRat\",\"isPartOf\":{\"@id\":\"https:\/\/artrat.pl\/#website\"},\"primaryImageOfPage\":{\"@id\":\"https:\/\/artrat.pl\/index.php\/kontakt\/#primaryimage\"},\"image\":{\"@id\":\"https:\/\/artrat.pl\/index.php\/kontakt\/#primaryimage\"},\"thumbnailUrl\":\"https:\/\/www.artrat.pl\/wp-content\/uploads\/2023\/03\/kontakt-1024x388.jpg\",\"datePublished\":\"2018-11-12T00:15:14+00:00\",\"dateModified\":\"2023-03-27T06:19:37+00:00\",\"breadcrumb\":{\"@id\":\"https:\/\/artrat.pl\/index.php\/kontakt\/#breadcrumb\"},\"inLanguage\":\"pl-PL\",\"potentialAction\":[{\"@type\":\"ReadAction\",\"target\":[\"https:\/\/artrat.pl\/index.php\/kontakt\/\"]}]},{\"@type\":\"ImageObject\",\"inLanguage\":\"pl-PL\",\"@id\":\"https:\/\/artrat.pl\/index.php\/kontakt\/#primaryimage\",\"url\":\"https:\/\/www.artrat.pl\/wp-content\/uploads\/2023\/03\/kontakt-1024x388.jpg\",\"contentUrl\":\"https:\/\/www.artrat.pl\/wp-content\/uploads\/2023\/03\/kontakt-1024x388.jpg\"},{\"@type\":\"BreadcrumbList\",\"@id\":\"https:\/\/artrat.pl\/index.php\/kontakt\/#breadcrumb\",\"itemListElement\":[{\"@type\":\"ListItem\",\"position\":1,\"name\":\"Strona g\u0142\u00f3wna\",\"item\":\"https:\/\/artrat.pl\/\"},{\"@type\":\"ListItem\",\"position\":2,\"name\":\"Kontakt\"}]},{\"@type\":\"WebSite\",\"@id\":\"https:\/\/artrat.pl\/#website\",\"url\":\"https:\/\/artrat.pl\/\",\"name\":\"ArtRat\",\"description\":\"Portal o sztuce\",\"publisher\":{\"@id\":\"https:\/\/artrat.pl\/#organization\"},\"potentialAction\":[{\"@type\":\"SearchAction\",\"target\":{\"@type\":\"EntryPoint\",\"urlTemplate\":\"https:\/\/artrat.pl\/?s={search_term_string}\"},\"query-input\":{\"@type\":\"PropertyValueSpecification\",\"valueRequired\":true,\"valueName\":\"search_term_string\"}}],\"inLanguage\":\"pl-PL\"},{\"@type\":\"Organization\",\"@id\":\"https:\/\/artrat.pl\/#organization\",\"name\":\"ArtRat\",\"url\":\"https:\/\/artrat.pl\/\",\"logo\":{\"@type\":\"ImageObject\",\"inLanguage\":\"pl-PL\",\"@id\":\"https:\/\/artrat.pl\/#\/schema\/logo\/image\/\",\"url\":\"https:\/\/artrat.pl\/wp-content\/uploads\/2023\/03\/logo-1.png\",\"contentUrl\":\"https:\/\/artrat.pl\/wp-content\/uploads\/2023\/03\/logo-1.png\",\"width\":400,\"height\":89,\"caption\":\"ArtRat\"},\"image\":{\"@id\":\"https:\/\/artrat.pl\/#\/schema\/logo\/image\/\"},\"sameAs\":[\"https:\/\/www.facebook.com\/profile.php?id=100091257588958\"]}]}<\/script>\n<!-- \/ Yoast SEO plugin. -->","yoast_head_json":{"title":"Kontakt - ArtRat","robots":{"index":"index","follow":"follow","max-snippet":"max-snippet:-1","max-image-preview":"max-image-preview:large","max-video-preview":"max-video-preview:-1"},"canonical":"https:\/\/artrat.pl\/index.php\/kontakt\/","og_locale":"pl_PL","og_type":"article","og_title":"Kontakt - ArtRat","og_description":"Skontaktuj si\u0119&nbsp;z nami! U\u017cyj formularza aby si\u0119\u00a0z nami skontaktowa\u0107. Postaramy si\u0119\u00a0odpowiedzie\u0107\u00a0jak najszybciej.","og_url":"https:\/\/artrat.pl\/index.php\/kontakt\/","og_site_name":"ArtRat","article_publisher":"https:\/\/www.facebook.com\/profile.php?id=100091257588958","article_modified_time":"2023-03-27T06:19:37+00:00","og_image":[{"url":"https:\/\/www.artrat.pl\/wp-content\/uploads\/2023\/03\/kontakt-1024x388.jpg","type":"","width":"","height":""}],"twitter_card":"summary_large_image","twitter_misc":{"Szacowany czas czytania":"1 minuta"},"schema":{"@context":"https:\/\/schema.org","@graph":[{"@type":"WebPage","@id":"https:\/\/artrat.pl\/index.php\/kontakt\/","url":"https:\/\/artrat.pl\/index.php\/kontakt\/","name":"Kontakt - ArtRat","isPartOf":{"@id":"https:\/\/artrat.pl\/#website"},"primaryImageOfPage":{"@id":"https:\/\/artrat.pl\/index.php\/kontakt\/#primaryimage"},"image":{"@id":"https:\/\/artrat.pl\/index.php\/kontakt\/#primaryimage"},"thumbnailUrl":"https:\/\/www.artrat.pl\/wp-content\/uploads\/2023\/03\/kontakt-1024x388.jpg","datePublished":"2018-11-12T00:15:14+00:00","dateModified":"2023-03-27T06:19:37+00:00","breadcrumb":{"@id":"https:\/\/artrat.pl\/index.php\/kontakt\/#breadcrumb"},"inLanguage":"pl-PL","potentialAction":[{"@type":"ReadAction","target":["https:\/\/artrat.pl\/index.php\/kontakt\/"]}]},{"@type":"ImageObject","inLanguage":"pl-PL","@id":"https:\/\/artrat.pl\/index.php\/kontakt\/#primaryimage","url":"https:\/\/www.artrat.pl\/wp-content\/uploads\/2023\/03\/kontakt-1024x388.jpg","contentUrl":"https:\/\/www.artrat.pl\/wp-content\/uploads\/2023\/03\/kontakt-1024x388.jpg"},{"@type":"BreadcrumbList","@id":"https:\/\/artrat.pl\/index.php\/kontakt\/#breadcrumb","itemListElement":[{"@type":"ListItem","position":1,"name":"Strona g\u0142\u00f3wna","item":"https:\/\/artrat.pl\/"},{"@type":"ListItem","position":2,"name":"Kontakt"}]},{"@type":"WebSite","@id":"https:\/\/artrat.pl\/#website","url":"https:\/\/artrat.pl\/","name":"ArtRat","description":"Portal o sztuce","publisher":{"@id":"https:\/\/artrat.pl\/#organization"},"potentialAction":[{"@type":"SearchAction","target":{"@type":"EntryPoint","urlTemplate":"https:\/\/artrat.pl\/?s={search_term_string}"},"query-input":{"@type":"PropertyValueSpecification","valueRequired":true,"valueName":"search_term_string"}}],"inLanguage":"pl-PL"},{"@type":"Organization","@id":"https:\/\/artrat.pl\/#organization","name":"ArtRat","url":"https:\/\/artrat.pl\/","logo":{"@type":"ImageObject","inLanguage":"pl-PL","@id":"https:\/\/artrat.pl\/#\/schema\/logo\/image\/","url":"https:\/\/artrat.pl\/wp-content\/uploads\/2023\/03\/logo-1.png","contentUrl":"https:\/\/artrat.pl\/wp-content\/uploads\/2023\/03\/logo-1.png","width":400,"height":89,"caption":"ArtRat"},"image":{"@id":"https:\/\/artrat.pl\/#\/schema\/logo\/image\/"},"sameAs":["https:\/\/www.facebook.com\/profile.php?id=100091257588958"]}]}},"_links":{"self":[{"href":"https:\/\/artrat.pl\/index.php\/wp-json\/wp\/v2\/pages\/622","targetHints":{"allow":["GET"]}}],"collection":[{"href":"https:\/\/artrat.pl\/index.php\/wp-json\/wp\/v2\/pages"}],"about":[{"href":"https:\/\/artrat.pl\/index.php\/wp-json\/wp\/v2\/types\/page"}],"author":[{"embeddable":true,"href":"https:\/\/artrat.pl\/index.php\/wp-json\/wp\/v2\/users\/1"}],"replies":[{"embeddable":true,"href":"https:\/\/artrat.pl\/index.php\/wp-json\/wp\/v2\/comments?post=622"}],"version-history":[{"count":8,"href":"https:\/\/artrat.pl\/index.php\/wp-json\/wp\/v2\/pages\/622\/revisions"}],"predecessor-version":[{"id":2147,"href":"https:\/\/artrat.pl\/index.php\/wp-json\/wp\/v2\/pages\/622\/revisions\/2147"}],"wp:attachment":[{"href":"https:\/\/artrat.pl\/index.php\/wp-json\/wp\/v2\/media?parent=622"}],"curies":[{"name":"wp","href":"https:\/\/api.w.org\/{rel}","templated":true}]}}